 409
What are the prime factors of 46182681?
3, 167, 30727
What are the prime factors of 2366793?
3, 11, 13, 613
What are the prime factors of 2349018105?
3, 5, 7, 101, 31643
List the prime factors of 198363231.
3, 11, 2003669
List the prime factors of 372355383.
3, 37, 3354553
What are the prime factors of 17218680?
2, 3, 5, 143489
What are the prime factors of 1612239?
3, 537413
What are the prime factors of 3865033?
29, 133277
What are the prime factors of 151626280?
2, 5, 13, 79, 3691
What are the prime factors of 144382895?
5, 461, 62639
List the prime factors of 651513985.
5, 23, 41, 138179
What are the prime factors of 143538235?
5, 47, 610801
What are the prime factors of 62233845?
3, 5, 4148923
What are the prime factors of 2101644887?
107, 19641541
List the prime factors of 44079125.
5, 352633
What are the prime factors of 2940553464?
2, 3, 151, 811411
List the prime factors of 48467926.
2, 13, 1864151
List the prime factors of 222153857.
137, 179, 9059
What are the prime factors of 7185887199?
3, 17, 47, 331, 3019
List the prime factors of 2614335639.
3, 2851, 305663
What are the prime factors of 908971650?
2, 3, 5, 29, 69653
What are the prime factors of 22649792?
2, 11, 32173
What are the prime factors of 44047350?
2, 3, 5, 97883
List the prime factors of 1834010883.
3, 67926329
What are the prime factors of 5764169969?
5764169969
What are the prime factors of 3083996178?
2, 3, 171333121
List the prime factors of 20632786.
2, 10316393
List the prime factors of 182284608.
2, 3, 11, 17, 5077
What are the prime factors of 195366669?
3, 17, 23, 151, 1103
What are the prime factors of 3267356712?
2, 3, 136139863
What are the prime factors of 1409162?
2, 704581
What are the prime factors of 46015137?
3, 7, 730399
What are the prime factors of 90589588?
2, 22647397
What are the prime factors of 9639293?
727, 13259
List the prime factors of 215041951.
193, 1114207
List the prime factors of 180262954.
2, 31, 47, 61861
What are the prime factors of 261714396?
2, 3, 21809533
List the prime factors of 709200630.
2, 3, 5, 23, 114203
List the prime factors of 1287126299.
23, 449, 5419
List the prime factors of 32761956.
2, 3, 71, 38453
What are the prime factors of 5688602632?
2, 711075329
List the prime factors of 187952835.
3, 5, 7, 373, 4799
List the prime factors of 1136653154.
2, 7, 13, 821, 7607
What are the prime factors of 61150000?
2, 5, 1223
What are the prime factors of 1525502602?
2, 13, 29, 1259, 1607
List the prime factors of 4920894489.
3, 7, 109, 157, 13693
What are the prime factors of 42875185?
5, 8575037
What are the prime factors of 32431518?
2, 3, 7, 19, 23, 31
What are the prime factors of 21356230?
2, 5, 7, 59, 5171
List the prime factors of 5558641427.
809, 6871003
List the prime factors of 214485846.
2, 3, 35747641
What are the prime factors of 39749050?
2, 5, 11, 72271
List the prime factors of 200529976.
2, 25066247
List the prime factors of 62864342.
2, 31, 97, 10453
What are the prime factors of 1530981467?
20149, 75983
List the prime factors of 51048384.
2, 3, 97, 2741
List the prime factors of 4274477654.
2, 17, 2383, 52757
What are the prime factors of 342505679?
59, 769, 7549
List the prime factors of 247733418.
2, 3, 17, 337, 7207
List the prime factors of 177925.
5, 11, 647
List the prime factors of 164382531.
3, 283, 193619
What are the prime factors of 35475920?
2, 5, 397, 1117
What are the prime factors of 1189355138?
2, 594677569
What are the prime factors of 1911498367?
311, 6146297
What are the prime factors of 64871756?
2, 16217939
List the prime factors of 286155225.
3, 5, 37, 929
What are the prime factors of 5182910150?
2, 5, 11, 31, 303983
What are the prime factors of 529960237?
529960237
List the prime factors of 1333802928.
2, 3, 193, 143977
What are the prime factors of 221464098?
2, 3, 4101187
What are the prime factors of 40903715?
5, 8180743
List the prime factors of 1005575524.
2, 251393881
List the prime factors of 725078715.
3, 5, 48338581
What are the prime factors of 545772166?
2, 272886083
What are the prime factors of 300557877?
3, 100185959
List the prime factors of 1868458862.
2, 71, 79, 193, 863
What are the prime factors of 32020333?
17, 101, 1097
List the prime factors of 6491968741.
41, 89, 1779109
What are the prime factors of 110385043?
139, 794137
List the prime factors of 234706390.
2, 5, 23470639
What are the prime factors of 885167513?
43, 20585291
What are the prime factors of 51835288?
2, 6479411
What are the prime factors of 1975492595?
5, 395098519
What are the prime factors of 197959127?
859, 230453
What are the prime factors of 4565198919?
3, 1521732973
List the prime factors of 417773191.
11, 3452671
What are the prime factors of 60118430?
2, 5, 53, 67, 1693
List the prime factors of 6042600725.
5, 7, 34529147
What are the prime factors of 178763739?
3, 7, 11, 773869
What are the prime factors of 276091614?
2, 3, 263, 58321
What are the prime factors of 1273049436?
2, 3, 106087453
What are the prime factors of 2524117294?
2, 1262058647
What are the prime factors of 168966786?
2, 3, 23, 47, 109, 239
What are the prime factors of 281485779?
3, 17, 19, 15289
List the prime factors of 459042442.
2, 6911, 33211
What are the prime factors of 72279721?
3313, 21817
What are the prime factors of 13419207?
3, 61, 24443
What are the prime factors of 109491789?
3, 11, 3317933
What are the prime factors of 1671735285?
3, 5, 11, 3377243
What are the prime factors of 85944538?
2, 109, 394241
List the prime factors of 1091835827.
1091835827
List the prime factors of 95975993.
29, 3309517
What are the prime factors of 276227388?
2, 3, 373, 6857
What are the prime factors of 257026099?
11, 23366009
What are the prime factors of 18904277?
7, 2700611
What are the prime factors of 952891710?
2, 3, 5, 37, 71, 107, 113
List the prime factors of 1137136460.
2, 5, 17, 3344519
List the prime factors of 407516287.
4021, 101347
What are the prime factors of 8031954231?
3, 7, 29, 2063, 2131
What are the prime factors of 249502402?
2, 124751201
List the prime factors of 344905927.
53, 547, 11897
List the prime factors of 207675825.
3, 5, 7, 17, 23269
List the prime factors of 1363045415.
5, 73, 3734371
List the prime factors of 1587807728.
2, 13, 79, 7433
What are the prime factors of 549840192?
2, 3, 11, 257, 1013
List the prime factors of 131222773.
11, 61, 269, 727
List the prime factors of 2486432406.
2, 3, 414405401
List the prime factors of 2392316035.
5, 31, 15434297
What are the prime factors of 254499385?
5, 7, 97, 10709
What are the prime factors of 571809238?
2, 7, 11, 13, 47, 59, 103
What are the prime factors of 4290919225?
5, 171636769
What are the prime factors of 363760637?
139, 521, 5023
What are the prime factors of 290917303?
19, 15311437
List the prime factors of 974467050.
2, 3, 5, 179, 36293
List the prime factors of 71083572.
2, 3, 7, 846233
What are the prime factors of 360996408?
2, 3, 23, 29, 7517
List the prime factors of 3599400902.
2, 1799700451
What are the prime factors of 1049648949?
3, 881, 4903
List the prime factors of 179596014.
2, 3, 13, 29, 79397
What are the prime factors of 81021739?
859, 94321
List the prime factors of 125878011.
3, 7, 23, 31, 1201
What are the prime factors of 489255723?
3, 11, 29, 170413
What are the prime factors of 257266331?
7, 36752333
What are the prime factors of 911321160?
2, 3, 5, 2269, 3347
What are the prime factors of 26785271?
23, 31, 37567
List the prime factors of 86034169.
13, 6618013
List the prime factors of 85079442.
2, 3, 7, 71, 103, 277
List the prime factors of 38315554.
2, 29, 461, 1433
List the prime factors of 77874634.
2, 43, 337, 2687
What are the prime factors of 57767856?
2, 3, 131, 9187
What are the prime factors of 9359798?
2, 7, 271, 2467
List the prime factors of 1806401641.
11, 1153, 142427
What are the prime factors of 758712061?
5711, 132851
List the prime factors of 6212390434.
2, 3106195217
What are the prime factors of 95096687?
7, 2657, 5113
What are the prime factors of 47903401?
7, 13, 31, 16981
What are the prime factors of 2344385829?
3, 781461943
List the prime factors of 9727064914.
2, 7, 229, 3034019
List the prime factors of 153740752.
2, 11, 873527
List the prime factors of 216912303.
